{"id":955,"date":"2019-02-12T17:07:20","date_gmt":"2019-02-12T22:07:20","guid":{"rendered":"https:\/\/sanangel.com.co\/bogota-new\/producto\/vendimia-50\/"},"modified":"2025-11-12T16:46:38","modified_gmt":"2025-11-12T21:46:38","slug":"vendimia-50","status":"publish","type":"product","link":"https:\/\/sanangel.com.co\/bogota\/producto\/vendimia-50\/","title":{"rendered":"Vendimia 50"},"content":{"rendered":"<p>&#8211; Seguro este impresionante dise\u00f1o con 50 rosas lo hara brillar. Solo apto para quien quiera causar una hermosa impresion. Propio del estilo de San Angel, este fino dise\u00f1o de forma ovalada se puede apreciar desde cualquier \u00e1ngulo.<\/p>\n<p>Inlcuye:<\/p>\n<p>&#8211; 50 rosas naturales tipo exportacion<\/p>\n<p>&#8211; Base tipo Champa\u00f1era metalica<\/p>\n<p>&#8211; Medidas aproximadas: 55 cm alto por 55 cm ancho<\/p>\n<p>&#8211; Tarjeta con mensaje de su eleccion<\/p>\n","protected":false},"excerpt":{"rendered":"<p>&#8211; Seguro este impresionante dise\u00f1o con 50 rosas lo har\u00e1 brillar. Arreglo floral 360 grados. Base met\u00e1lica. Env\u00edo gratis dentro de Bogot\u00e1. Incluye tarjeta con mensaje.<\/p>\n","protected":false},"featured_media":14364,"template":"","meta":[],"product_cat":[97,69,24,28,25,35,81,43,42],"product_tag":[],"yoast_head":"<!-- This site is optimized with the Yoast SEO plugin v20.12 - https:\/\/yoast.com\/wordpress\/plugins\/seo\/ -->\n<title>Ramos con 50 rosas bogota - Vendimia - San Angel Flores Bogot\u00e1<\/title>\n<meta name=\"description\" content=\"Ramos con 50 rosas bogota - Vendimia, Seguro este impresionante dise\u00f1o con 50 rosas lo hara brillar. Solo apto para quien quiera causar una hermosa impresion. Propio del estilo de San Angel, este fino dise\u00f1o de forma ovalada se puede apreciar desde cualquier \u00e1ngulo, Bogota\" \/>\n<meta name=\"robots\" content=\"index, follow, max-snippet:-1, max-image-preview:large, max-video-preview:-1\" \/>\n<link rel=\"canonical\" href=\"https:\/\/sanangel.com.co\/bogota\/producto\/vendimia-50\/\" \/>\n<meta property=\"og:locale\" content=\"es_ES\" \/>\n<meta property=\"og:type\" content=\"article\" \/>\n<meta property=\"og:title\" content=\"Ramos con 50 rosas bogota - Vendimia - San Angel Flores Bogot\u00e1\" \/>\n<meta property=\"og:description\" content=\"Ramos con 50 rosas bogota - Vendimia, Seguro este impresionante dise\u00f1o con 50 rosas lo hara brillar. Solo apto para quien quiera causar una hermosa impresion. Propio del estilo de San Angel, este fino dise\u00f1o de forma ovalada se puede apreciar desde cualquier \u00e1ngulo, Bogota\" \/>\n<meta property=\"og:url\" content=\"https:\/\/sanangel.com.co\/bogota\/producto\/vendimia-50\/\" \/>\n<meta property=\"og:site_name\" content=\"San Angel Flores Bogot\u00e1\" \/>\n<meta property=\"article:publisher\" content=\"http:\/\/facebook.com\/sanangelflores\" \/>\n<meta property=\"article:modified_time\" content=\"2025-11-12T21:46:38+00:00\" \/>\n<meta property=\"og:image\" content=\"https:\/\/sanangel.com.co\/bogota\/wp-content\/uploads\/2019\/02\/vendimia-50.jpg\" \/>\n\t<meta property=\"og:image:width\" content=\"1736\" \/>\n\t<meta property=\"og:image:height\" content=\"1736\" \/>\n\t<meta property=\"og:image:type\" content=\"image\/jpeg\" \/>\n<meta name=\"twitter:card\" content=\"summary_large_image\" \/>\n<meta name=\"twitter:label1\" content=\"Tiempo de lectura\" \/>\n\t<meta name=\"twitter:data1\" content=\"1 minuto\" \/>\n<script type=\"application\/ld+json\" class=\"yoast-schema-graph\">{\"@context\":\"https:\/\/schema.org\",\"@graph\":[{\"@type\":\"WebPage\",\"@id\":\"https:\/\/sanangel.com.co\/bogota\/producto\/vendimia-50\/\",\"url\":\"https:\/\/sanangel.com.co\/bogota\/producto\/vendimia-50\/\",\"name\":\"Ramos con 50 rosas bogota - Vendimia - San Angel Flores Bogot\u00e1\",\"isPartOf\":{\"@id\":\"https:\/\/sanangel.com.co\/bogota\/#website\"},\"datePublished\":\"2019-02-12T22:07:20+00:00\",\"dateModified\":\"2025-11-12T21:46:38+00:00\",\"description\":\"Ramos con 50 rosas bogota - Vendimia, Seguro este impresionante dise\u00f1o con 50 rosas lo hara brillar. Solo apto para quien quiera causar una hermosa impresion. Propio del estilo de San Angel, este fino dise\u00f1o de forma ovalada se puede apreciar desde cualquier \u00e1ngulo, Bogota\",\"breadcrumb\":{\"@id\":\"https:\/\/sanangel.com.co\/bogota\/producto\/vendimia-50\/#breadcrumb\"},\"inLanguage\":\"es\",\"potentialAction\":[{\"@type\":\"ReadAction\",\"target\":[\"https:\/\/sanangel.com.co\/bogota\/producto\/vendimia-50\/\"]}]},{\"@type\":\"BreadcrumbList\",\"@id\":\"https:\/\/sanangel.com.co\/bogota\/producto\/vendimia-50\/#breadcrumb\",\"itemListElement\":[{\"@type\":\"ListItem\",\"position\":1,\"name\":\"Portada\",\"item\":\"https:\/\/sanangel.com.co\/bogota\/\"},{\"@type\":\"ListItem\",\"position\":2,\"name\":\"Tienda\",\"item\":\"https:\/\/sanangel.com.co\/bogota\/tienda\/\"},{\"@type\":\"ListItem\",\"position\":3,\"name\":\"Vendimia 50\"}]},{\"@type\":\"WebSite\",\"@id\":\"https:\/\/sanangel.com.co\/bogota\/#website\",\"url\":\"https:\/\/sanangel.com.co\/bogota\/\",\"name\":\"Floristerias en Bogota, Flores a domicilio\",\"description\":\"Flores Bogot\u00e1 - San Angel\",\"publisher\":{\"@id\":\"https:\/\/sanangel.com.co\/bogota\/#organization\"},\"alternateName\":\"San Angel Bogot\u00e1\",\"potentialAction\":[{\"@type\":\"SearchAction\",\"target\":{\"@type\":\"EntryPoint\",\"urlTemplate\":\"https:\/\/sanangel.com.co\/bogota\/?s={search_term_string}\"},\"query-input\":\"required name=search_term_string\"}],\"inLanguage\":\"es\"},{\"@type\":\"Organization\",\"@id\":\"https:\/\/sanangel.com.co\/bogota\/#organization\",\"name\":\"San Angel\",\"url\":\"https:\/\/sanangel.com.co\/bogota\/\",\"logo\":{\"@type\":\"ImageObject\",\"inLanguage\":\"es\",\"@id\":\"https:\/\/sanangel.com.co\/bogota\/#\/schema\/logo\/image\/\",\"url\":\"https:\/\/sanangel.com.co\/bogota\/wp-content\/uploads\/2019\/06\/san-angel-mas-que-un-mensaje-muchos-sentimientos.jpg\",\"contentUrl\":\"https:\/\/sanangel.com.co\/bogota\/wp-content\/uploads\/2019\/06\/san-angel-mas-que-un-mensaje-muchos-sentimientos.jpg\",\"width\":400,\"height\":612,\"caption\":\"San Angel\"},\"image\":{\"@id\":\"https:\/\/sanangel.com.co\/bogota\/#\/schema\/logo\/image\/\"},\"sameAs\":[\"http:\/\/facebook.com\/sanangelflores\",\"http:\/\/instagram.com\/sanangelflores\"]}]}<\/script>\n<!-- \/ Yoast SEO plugin. -->","yoast_head_json":{"title":"Ramos con 50 rosas bogota - Vendimia - San Angel Flores Bogot\u00e1","description":"Ramos con 50 rosas bogota - Vendimia, Seguro este impresionante dise\u00f1o con 50 rosas lo hara brillar. Solo apto para quien quiera causar una hermosa impresion. Propio del estilo de San Angel, este fino dise\u00f1o de forma ovalada se puede apreciar desde cualquier \u00e1ngulo, Bogota","robots":{"index":"index","follow":"follow","max-snippet":"max-snippet:-1","max-image-preview":"max-image-preview:large","max-video-preview":"max-video-preview:-1"},"canonical":"https:\/\/sanangel.com.co\/bogota\/producto\/vendimia-50\/","og_locale":"es_ES","og_type":"article","og_title":"Ramos con 50 rosas bogota - Vendimia - San Angel Flores Bogot\u00e1","og_description":"Ramos con 50 rosas bogota - Vendimia, Seguro este impresionante dise\u00f1o con 50 rosas lo hara brillar. Solo apto para quien quiera causar una hermosa impresion. Propio del estilo de San Angel, este fino dise\u00f1o de forma ovalada se puede apreciar desde cualquier \u00e1ngulo, Bogota","og_url":"https:\/\/sanangel.com.co\/bogota\/producto\/vendimia-50\/","og_site_name":"San Angel Flores Bogot\u00e1","article_publisher":"http:\/\/facebook.com\/sanangelflores","article_modified_time":"2025-11-12T21:46:38+00:00","og_image":[{"width":1736,"height":1736,"url":"https:\/\/sanangel.com.co\/bogota\/wp-content\/uploads\/2019\/02\/vendimia-50.jpg","type":"image\/jpeg"}],"twitter_card":"summary_large_image","twitter_misc":{"Tiempo de lectura":"1 minuto"},"schema":{"@context":"https:\/\/schema.org","@graph":[{"@type":"WebPage","@id":"https:\/\/sanangel.com.co\/bogota\/producto\/vendimia-50\/","url":"https:\/\/sanangel.com.co\/bogota\/producto\/vendimia-50\/","name":"Ramos con 50 rosas bogota - Vendimia - San Angel Flores Bogot\u00e1","isPartOf":{"@id":"https:\/\/sanangel.com.co\/bogota\/#website"},"datePublished":"2019-02-12T22:07:20+00:00","dateModified":"2025-11-12T21:46:38+00:00","description":"Ramos con 50 rosas bogota - Vendimia, Seguro este impresionante dise\u00f1o con 50 rosas lo hara brillar. Solo apto para quien quiera causar una hermosa impresion. Propio del estilo de San Angel, este fino dise\u00f1o de forma ovalada se puede apreciar desde cualquier \u00e1ngulo, Bogota","breadcrumb":{"@id":"https:\/\/sanangel.com.co\/bogota\/producto\/vendimia-50\/#breadcrumb"},"inLanguage":"es","potentialAction":[{"@type":"ReadAction","target":["https:\/\/sanangel.com.co\/bogota\/producto\/vendimia-50\/"]}]},{"@type":"BreadcrumbList","@id":"https:\/\/sanangel.com.co\/bogota\/producto\/vendimia-50\/#breadcrumb","itemListElement":[{"@type":"ListItem","position":1,"name":"Portada","item":"https:\/\/sanangel.com.co\/bogota\/"},{"@type":"ListItem","position":2,"name":"Tienda","item":"https:\/\/sanangel.com.co\/bogota\/tienda\/"},{"@type":"ListItem","position":3,"name":"Vendimia 50"}]},{"@type":"WebSite","@id":"https:\/\/sanangel.com.co\/bogota\/#website","url":"https:\/\/sanangel.com.co\/bogota\/","name":"Floristerias en Bogota, Flores a domicilio","description":"Flores Bogot\u00e1 - San Angel","publisher":{"@id":"https:\/\/sanangel.com.co\/bogota\/#organization"},"alternateName":"San Angel Bogot\u00e1","potentialAction":[{"@type":"SearchAction","target":{"@type":"EntryPoint","urlTemplate":"https:\/\/sanangel.com.co\/bogota\/?s={search_term_string}"},"query-input":"required name=search_term_string"}],"inLanguage":"es"},{"@type":"Organization","@id":"https:\/\/sanangel.com.co\/bogota\/#organization","name":"San Angel","url":"https:\/\/sanangel.com.co\/bogota\/","logo":{"@type":"ImageObject","inLanguage":"es","@id":"https:\/\/sanangel.com.co\/bogota\/#\/schema\/logo\/image\/","url":"https:\/\/sanangel.com.co\/bogota\/wp-content\/uploads\/2019\/06\/san-angel-mas-que-un-mensaje-muchos-sentimientos.jpg","contentUrl":"https:\/\/sanangel.com.co\/bogota\/wp-content\/uploads\/2019\/06\/san-angel-mas-que-un-mensaje-muchos-sentimientos.jpg","width":400,"height":612,"caption":"San Angel"},"image":{"@id":"https:\/\/sanangel.com.co\/bogota\/#\/schema\/logo\/image\/"},"sameAs":["http:\/\/facebook.com\/sanangelflores","http:\/\/instagram.com\/sanangelflores"]}]}},"_links":{"self":[{"href":"https:\/\/sanangel.com.co\/bogota\/wp-json\/wp\/v2\/product\/955"}],"collection":[{"href":"https:\/\/sanangel.com.co\/bogota\/wp-json\/wp\/v2\/product"}],"about":[{"href":"https:\/\/sanangel.com.co\/bogota\/wp-json\/wp\/v2\/types\/product"}],"wp:featuredmedia":[{"embeddable":true,"href":"https:\/\/sanangel.com.co\/bogota\/wp-json\/wp\/v2\/media\/14364"}],"wp:attachment":[{"href":"https:\/\/sanangel.com.co\/bogota\/wp-json\/wp\/v2\/media?parent=955"}],"wp:term":[{"taxonomy":"product_cat","embeddable":true,"href":"https:\/\/sanangel.com.co\/bogota\/wp-json\/wp\/v2\/product_cat?post=955"},{"taxonomy":"product_tag","embeddable":true,"href":"https:\/\/sanangel.com.co\/bogota\/wp-json\/wp\/v2\/product_tag?post=955"}],"curies":[{"name":"wp","href":"https:\/\/api.w.org\/{rel}","templated":true}]}}