{"id":992,"date":"2019-02-12T17:07:25","date_gmt":"2019-02-12T22:07:25","guid":{"rendered":"https:\/\/sanangel.com.co\/bogota-new\/producto\/cesta-de-amor\/"},"modified":"2025-11-12T16:40:48","modified_gmt":"2025-11-12T21:40:48","slug":"cesta-de-amor","status":"publish","type":"product","link":"https:\/\/sanangel.com.co\/bogota\/producto\/cesta-de-amor\/","title":{"rendered":"Cesta de amor"},"content":{"rendered":"<p>&#8211; Este arreglo floral con 12 rosas es un regalo lindo para cualquier ocasi\u00f3n. Sencillo y de buen gusto este dise\u00f1o refleja el estilo de San Angel, realizado con atenci\u00f3n y cuidado por nuestras expertas floristas<\/p>\n<p>Incluye:<\/p>\n<p>&#8211; 12 rosas naturales tipo exportaci\u00f3n y follaje de complemento.<\/p>\n<p>&#8211; Balde de met\u00e1lico y mo\u00f1o.<\/p>\n<p>&#8211; Tarjeta con mensaje de su gusto.<\/p>\n<p>&#8211; Medidas: 25 cm alto por 20 cm ancho aprox.<\/p>\n","protected":false},"excerpt":{"rendered":"<p>&#8211; Este arreglo floral con 12 rosas en base met\u00e1lica es un regalo lindo para cualquier ocasi\u00f3n, fiel reflejo de lo que nos gusta en San Angel. 25 cm alto por 20 cm ancho aproximadamente. Incluye tarjeta con mensaje personalizado. Env\u00edo gratis dentro de Bogot\u00e1.<\/p>\n","protected":false},"featured_media":3848,"template":"","meta":[],"product_cat":[24,28,25,43,40],"product_tag":[],"yoast_head":"<!-- This site is optimized with the Yoast SEO plugin v20.12 - https:\/\/yoast.com\/wordpress\/plugins\/seo\/ -->\n<title>arreglos floral cesta de amor, arreglos floral con 12 rosas<\/title>\n<meta name=\"description\" content=\"Este arreglo floral con 12 rosas es un regalo lindo para cualquier ocasi\u00f3n. Sencillo y de buen gusto este dise\u00f1o refleja el estilo de San Angel\" \/>\n<meta name=\"robots\" content=\"index, follow, max-snippet:-1, max-image-preview:large, max-video-preview:-1\" \/>\n<link rel=\"canonical\" href=\"https:\/\/sanangel.com.co\/bogota\/producto\/cesta-de-amor\/\" \/>\n<meta property=\"og:locale\" content=\"es_ES\" \/>\n<meta property=\"og:type\" content=\"article\" \/>\n<meta property=\"og:title\" content=\"arreglos floral cesta de amor, arreglos floral con 12 rosas\" \/>\n<meta property=\"og:description\" content=\"Este arreglo floral con 12 rosas es un regalo lindo para cualquier ocasi\u00f3n. Sencillo y de buen gusto este dise\u00f1o refleja el estilo de San Angel\" \/>\n<meta property=\"og:url\" content=\"https:\/\/sanangel.com.co\/bogota\/producto\/cesta-de-amor\/\" \/>\n<meta property=\"og:site_name\" content=\"San Angel Flores Bogot\u00e1\" \/>\n<meta property=\"article:publisher\" content=\"http:\/\/facebook.com\/sanangelflores\" \/>\n<meta property=\"article:modified_time\" content=\"2025-11-12T21:40:48+00:00\" \/>\n<meta property=\"og:image\" content=\"https:\/\/sanangel.com.co\/bogota\/wp-content\/uploads\/2019\/02\/cesta-de-amor-new.jpg\" \/>\n\t<meta property=\"og:image:width\" content=\"800\" \/>\n\t<meta property=\"og:image:height\" content=\"800\" \/>\n\t<meta property=\"og:image:type\" content=\"image\/jpeg\" \/>\n<meta name=\"twitter:card\" content=\"summary_large_image\" \/>\n<meta name=\"twitter:label1\" content=\"Tiempo de lectura\" \/>\n\t<meta name=\"twitter:data1\" content=\"1 minuto\" \/>\n<script type=\"application\/ld+json\" class=\"yoast-schema-graph\">{\"@context\":\"https:\/\/schema.org\",\"@graph\":[{\"@type\":\"WebPage\",\"@id\":\"https:\/\/sanangel.com.co\/bogota\/producto\/cesta-de-amor\/\",\"url\":\"https:\/\/sanangel.com.co\/bogota\/producto\/cesta-de-amor\/\",\"name\":\"arreglos floral cesta de amor, arreglos floral con 12 rosas\",\"isPartOf\":{\"@id\":\"https:\/\/sanangel.com.co\/bogota\/#website\"},\"datePublished\":\"2019-02-12T22:07:25+00:00\",\"dateModified\":\"2025-11-12T21:40:48+00:00\",\"description\":\"Este arreglo floral con 12 rosas es un regalo lindo para cualquier ocasi\u00f3n. Sencillo y de buen gusto este dise\u00f1o refleja el estilo de San Angel\",\"breadcrumb\":{\"@id\":\"https:\/\/sanangel.com.co\/bogota\/producto\/cesta-de-amor\/#breadcrumb\"},\"inLanguage\":\"es\",\"potentialAction\":[{\"@type\":\"ReadAction\",\"target\":[\"https:\/\/sanangel.com.co\/bogota\/producto\/cesta-de-amor\/\"]}]},{\"@type\":\"BreadcrumbList\",\"@id\":\"https:\/\/sanangel.com.co\/bogota\/producto\/cesta-de-amor\/#breadcrumb\",\"itemListElement\":[{\"@type\":\"ListItem\",\"position\":1,\"name\":\"Portada\",\"item\":\"https:\/\/sanangel.com.co\/bogota\/\"},{\"@type\":\"ListItem\",\"position\":2,\"name\":\"Tienda\",\"item\":\"https:\/\/sanangel.com.co\/bogota\/tienda\/\"},{\"@type\":\"ListItem\",\"position\":3,\"name\":\"Cesta de amor\"}]},{\"@type\":\"WebSite\",\"@id\":\"https:\/\/sanangel.com.co\/bogota\/#website\",\"url\":\"https:\/\/sanangel.com.co\/bogota\/\",\"name\":\"Floristerias en Bogota, Flores a domicilio\",\"description\":\"Flores Bogot\u00e1 - San Angel\",\"publisher\":{\"@id\":\"https:\/\/sanangel.com.co\/bogota\/#organization\"},\"alternateName\":\"San Angel Bogot\u00e1\",\"potentialAction\":[{\"@type\":\"SearchAction\",\"target\":{\"@type\":\"EntryPoint\",\"urlTemplate\":\"https:\/\/sanangel.com.co\/bogota\/?s={search_term_string}\"},\"query-input\":\"required name=search_term_string\"}],\"inLanguage\":\"es\"},{\"@type\":\"Organization\",\"@id\":\"https:\/\/sanangel.com.co\/bogota\/#organization\",\"name\":\"San Angel\",\"url\":\"https:\/\/sanangel.com.co\/bogota\/\",\"logo\":{\"@type\":\"ImageObject\",\"inLanguage\":\"es\",\"@id\":\"https:\/\/sanangel.com.co\/bogota\/#\/schema\/logo\/image\/\",\"url\":\"https:\/\/sanangel.com.co\/bogota\/wp-content\/uploads\/2019\/06\/san-angel-mas-que-un-mensaje-muchos-sentimientos.jpg\",\"contentUrl\":\"https:\/\/sanangel.com.co\/bogota\/wp-content\/uploads\/2019\/06\/san-angel-mas-que-un-mensaje-muchos-sentimientos.jpg\",\"width\":400,\"height\":612,\"caption\":\"San Angel\"},\"image\":{\"@id\":\"https:\/\/sanangel.com.co\/bogota\/#\/schema\/logo\/image\/\"},\"sameAs\":[\"http:\/\/facebook.com\/sanangelflores\",\"http:\/\/instagram.com\/sanangelflores\"]}]}<\/script>\n<!-- \/ Yoast SEO plugin. -->","yoast_head_json":{"title":"arreglos floral cesta de amor, arreglos floral con 12 rosas","description":"Este arreglo floral con 12 rosas es un regalo lindo para cualquier ocasi\u00f3n. Sencillo y de buen gusto este dise\u00f1o refleja el estilo de San Angel","robots":{"index":"index","follow":"follow","max-snippet":"max-snippet:-1","max-image-preview":"max-image-preview:large","max-video-preview":"max-video-preview:-1"},"canonical":"https:\/\/sanangel.com.co\/bogota\/producto\/cesta-de-amor\/","og_locale":"es_ES","og_type":"article","og_title":"arreglos floral cesta de amor, arreglos floral con 12 rosas","og_description":"Este arreglo floral con 12 rosas es un regalo lindo para cualquier ocasi\u00f3n. Sencillo y de buen gusto este dise\u00f1o refleja el estilo de San Angel","og_url":"https:\/\/sanangel.com.co\/bogota\/producto\/cesta-de-amor\/","og_site_name":"San Angel Flores Bogot\u00e1","article_publisher":"http:\/\/facebook.com\/sanangelflores","article_modified_time":"2025-11-12T21:40:48+00:00","og_image":[{"width":800,"height":800,"url":"https:\/\/sanangel.com.co\/bogota\/wp-content\/uploads\/2019\/02\/cesta-de-amor-new.jpg","type":"image\/jpeg"}],"twitter_card":"summary_large_image","twitter_misc":{"Tiempo de lectura":"1 minuto"},"schema":{"@context":"https:\/\/schema.org","@graph":[{"@type":"WebPage","@id":"https:\/\/sanangel.com.co\/bogota\/producto\/cesta-de-amor\/","url":"https:\/\/sanangel.com.co\/bogota\/producto\/cesta-de-amor\/","name":"arreglos floral cesta de amor, arreglos floral con 12 rosas","isPartOf":{"@id":"https:\/\/sanangel.com.co\/bogota\/#website"},"datePublished":"2019-02-12T22:07:25+00:00","dateModified":"2025-11-12T21:40:48+00:00","description":"Este arreglo floral con 12 rosas es un regalo lindo para cualquier ocasi\u00f3n. Sencillo y de buen gusto este dise\u00f1o refleja el estilo de San Angel","breadcrumb":{"@id":"https:\/\/sanangel.com.co\/bogota\/producto\/cesta-de-amor\/#breadcrumb"},"inLanguage":"es","potentialAction":[{"@type":"ReadAction","target":["https:\/\/sanangel.com.co\/bogota\/producto\/cesta-de-amor\/"]}]},{"@type":"BreadcrumbList","@id":"https:\/\/sanangel.com.co\/bogota\/producto\/cesta-de-amor\/#breadcrumb","itemListElement":[{"@type":"ListItem","position":1,"name":"Portada","item":"https:\/\/sanangel.com.co\/bogota\/"},{"@type":"ListItem","position":2,"name":"Tienda","item":"https:\/\/sanangel.com.co\/bogota\/tienda\/"},{"@type":"ListItem","position":3,"name":"Cesta de amor"}]},{"@type":"WebSite","@id":"https:\/\/sanangel.com.co\/bogota\/#website","url":"https:\/\/sanangel.com.co\/bogota\/","name":"Floristerias en Bogota, Flores a domicilio","description":"Flores Bogot\u00e1 - San Angel","publisher":{"@id":"https:\/\/sanangel.com.co\/bogota\/#organization"},"alternateName":"San Angel Bogot\u00e1","potentialAction":[{"@type":"SearchAction","target":{"@type":"EntryPoint","urlTemplate":"https:\/\/sanangel.com.co\/bogota\/?s={search_term_string}"},"query-input":"required name=search_term_string"}],"inLanguage":"es"},{"@type":"Organization","@id":"https:\/\/sanangel.com.co\/bogota\/#organization","name":"San Angel","url":"https:\/\/sanangel.com.co\/bogota\/","logo":{"@type":"ImageObject","inLanguage":"es","@id":"https:\/\/sanangel.com.co\/bogota\/#\/schema\/logo\/image\/","url":"https:\/\/sanangel.com.co\/bogota\/wp-content\/uploads\/2019\/06\/san-angel-mas-que-un-mensaje-muchos-sentimientos.jpg","contentUrl":"https:\/\/sanangel.com.co\/bogota\/wp-content\/uploads\/2019\/06\/san-angel-mas-que-un-mensaje-muchos-sentimientos.jpg","width":400,"height":612,"caption":"San Angel"},"image":{"@id":"https:\/\/sanangel.com.co\/bogota\/#\/schema\/logo\/image\/"},"sameAs":["http:\/\/facebook.com\/sanangelflores","http:\/\/instagram.com\/sanangelflores"]}]}},"_links":{"self":[{"href":"https:\/\/sanangel.com.co\/bogota\/wp-json\/wp\/v2\/product\/992"}],"collection":[{"href":"https:\/\/sanangel.com.co\/bogota\/wp-json\/wp\/v2\/product"}],"about":[{"href":"https:\/\/sanangel.com.co\/bogota\/wp-json\/wp\/v2\/types\/product"}],"wp:featuredmedia":[{"embeddable":true,"href":"https:\/\/sanangel.com.co\/bogota\/wp-json\/wp\/v2\/media\/3848"}],"wp:attachment":[{"href":"https:\/\/sanangel.com.co\/bogota\/wp-json\/wp\/v2\/media?parent=992"}],"wp:term":[{"taxonomy":"product_cat","embeddable":true,"href":"https:\/\/sanangel.com.co\/bogota\/wp-json\/wp\/v2\/product_cat?post=992"},{"taxonomy":"product_tag","embeddable":true,"href":"https:\/\/sanangel.com.co\/bogota\/wp-json\/wp\/v2\/product_tag?post=992"}],"curies":[{"name":"wp","href":"https:\/\/api.w.org\/{rel}","templated":true}]}}