{"id":1015,"date":"2019-02-12T17:07:29","date_gmt":"2019-02-12T22:07:29","guid":{"rendered":"https:\/\/sanangel.com.co\/bogota-new\/producto\/alegre-primavera\/"},"modified":"2025-11-12T17:00:38","modified_gmt":"2025-11-12T22:00:38","slug":"alegre-primavera","status":"publish","type":"product","link":"https:\/\/sanangel.com.co\/cali\/producto\/alegre-primavera\/","title":{"rendered":"Alegre primavera"},"content":{"rendered":"<p>&#8211; Este dise\u00f1o floral con Gerberas es un regalo que alegra cualquier ocasi\u00f3n. Colorido y vibrante este dise\u00f1o refleja el estilo de San Angel, realizado con atenci\u00f3n y cuidado por nuestras expertas floristas<\/p>\n<p>Incluye:<\/p>\n<p>&#8211; 12 gerberas, aster, gypso y follaje de complemento<\/p>\n<p>&#8211; Balde met\u00e1lico y mo\u00f1o<\/p>\n<p>&#8211; Tarjeta con mensaje a su gusto<\/p>\n<p>&#8211; Medidas: 25 cm alto por 20 cm ancho aprox.<\/p>\n","protected":false},"excerpt":{"rendered":"<p>Este dise\u00f1o floral con Gerberas es un regalo que alegra cualquier ocasi\u00f3n. Colorido y vibrante este dise\u00f1o refleja el estilo de San Angel, realizado con atenci\u00f3n y cuidado por nuestras expertas floristas. 25 cm alto por 20 cm ancho aproximadamente. Env\u00edo gratis dentro de Cali. Incluye tarjeta con mensaje personalizado.<\/p>\n","protected":false},"featured_media":12394,"template":"","meta":{"inline_featured_image":false},"product_cat":[36,46,40,25,31,29],"product_tag":[],"yoast_head":"<!-- This site is optimized with the Yoast SEO plugin v19.12 - https:\/\/yoast.com\/wordpress\/plugins\/seo\/ -->\n<title>Ramo de flores Alegre Primavera - San Angel CALI | Flores &amp; Regalos<\/title>\n<meta name=\"description\" content=\"Ramo de flores Alegre Primavera, ramos de flores en cali, gerberas, base metalica, alegre primavera floristeria Cali a domicilio\" \/>\n<meta name=\"robots\" content=\"index, follow, max-snippet:-1, max-image-preview:large, max-video-preview:-1\" \/>\n<link rel=\"canonical\" href=\"https:\/\/sanangel.com.co\/cali\/producto\/alegre-primavera\/\" \/>\n<meta property=\"og:locale\" content=\"es_ES\" \/>\n<meta property=\"og:type\" content=\"article\" \/>\n<meta property=\"og:title\" content=\"Ramo de flores Alegre Primavera - San Angel CALI | Flores &amp; Regalos\" \/>\n<meta property=\"og:description\" content=\"Ramo de flores Alegre Primavera, ramos de flores en cali, gerberas, base metalica, alegre primavera floristeria Cali a domicilio\" \/>\n<meta property=\"og:url\" content=\"https:\/\/sanangel.com.co\/cali\/producto\/alegre-primavera\/\" \/>\n<meta property=\"og:site_name\" content=\"San Angel CALI | Flores &amp; Regalos\" \/>\n<meta property=\"article:publisher\" content=\"http:\/\/facebook.com\/sanangelflores\" \/>\n<meta property=\"article:modified_time\" content=\"2025-11-12T22:00:38+00:00\" \/>\n<meta property=\"og:image\" content=\"https:\/\/sanangel.com.co\/cali\/wp-content\/uploads\/2019\/02\/alegre-primavera.jpg\" \/>\n\t<meta property=\"og:image:width\" content=\"800\" \/>\n\t<meta property=\"og:image:height\" content=\"800\" \/>\n\t<meta property=\"og:image:type\" content=\"image\/jpeg\" \/>\n<meta name=\"twitter:card\" content=\"summary_large_image\" \/>\n<meta name=\"twitter:label1\" content=\"Tiempo de lectura\" \/>\n\t<meta name=\"twitter:data1\" content=\"1 minuto\" \/>\n<script type=\"application\/ld+json\" class=\"yoast-schema-graph\">{\"@context\":\"https:\/\/schema.org\",\"@graph\":[{\"@type\":\"WebPage\",\"@id\":\"https:\/\/sanangel.com.co\/cali\/producto\/alegre-primavera\/\",\"url\":\"https:\/\/sanangel.com.co\/cali\/producto\/alegre-primavera\/\",\"name\":\"Ramo de flores Alegre Primavera - San Angel CALI | Flores &amp; Regalos\",\"isPartOf\":{\"@id\":\"https:\/\/sanangel.com.co\/cali\/#website\"},\"datePublished\":\"2019-02-12T22:07:29+00:00\",\"dateModified\":\"2025-11-12T22:00:38+00:00\",\"description\":\"Ramo de flores Alegre Primavera, ramos de flores en cali, gerberas, base metalica, alegre primavera floristeria Cali a domicilio\",\"breadcrumb\":{\"@id\":\"https:\/\/sanangel.com.co\/cali\/producto\/alegre-primavera\/#breadcrumb\"},\"inLanguage\":\"es\",\"potentialAction\":[{\"@type\":\"ReadAction\",\"target\":[\"https:\/\/sanangel.com.co\/cali\/producto\/alegre-primavera\/\"]}]},{\"@type\":\"BreadcrumbList\",\"@id\":\"https:\/\/sanangel.com.co\/cali\/producto\/alegre-primavera\/#breadcrumb\",\"itemListElement\":[{\"@type\":\"ListItem\",\"position\":1,\"name\":\"Portada\",\"item\":\"https:\/\/sanangel.com.co\/cali\/\"},{\"@type\":\"ListItem\",\"position\":2,\"name\":\"Tienda\",\"item\":\"https:\/\/sanangel.com.co\/cali\/tienda\/\"},{\"@type\":\"ListItem\",\"position\":3,\"name\":\"Alegre primavera\"}]},{\"@type\":\"WebSite\",\"@id\":\"https:\/\/sanangel.com.co\/cali\/#website\",\"url\":\"https:\/\/sanangel.com.co\/cali\/\",\"name\":\"Floristerias en Cali, Flores a domicilio\",\"description\":\"Floristerias Cali, Flores en Cali, Flores a domicilio Cali - San Angel\",\"publisher\":{\"@id\":\"https:\/\/sanangel.com.co\/cali\/#organization\"},\"alternateName\":\"San Angel Cali\",\"potentialAction\":[{\"@type\":\"SearchAction\",\"target\":{\"@type\":\"EntryPoint\",\"urlTemplate\":\"https:\/\/sanangel.com.co\/cali\/?s={search_term_string}\"},\"query-input\":\"required name=search_term_string\"}],\"inLanguage\":\"es\"},{\"@type\":\"Organization\",\"@id\":\"https:\/\/sanangel.com.co\/cali\/#organization\",\"name\":\"San Angel Cali\",\"url\":\"https:\/\/sanangel.com.co\/cali\/\",\"logo\":{\"@type\":\"ImageObject\",\"inLanguage\":\"es\",\"@id\":\"https:\/\/sanangel.com.co\/cali\/#\/schema\/logo\/image\/\",\"url\":\"https:\/\/sanangel.com.co\/cali\/wp-content\/uploads\/2019\/06\/san-angel-mas-que-un-mensaje-muchos-sentimientos.jpg\",\"contentUrl\":\"https:\/\/sanangel.com.co\/cali\/wp-content\/uploads\/2019\/06\/san-angel-mas-que-un-mensaje-muchos-sentimientos.jpg\",\"width\":400,\"height\":612,\"caption\":\"San Angel Cali\"},\"image\":{\"@id\":\"https:\/\/sanangel.com.co\/cali\/#\/schema\/logo\/image\/\"},\"sameAs\":[\"http:\/\/instagram.com\/sanangelflores\",\"http:\/\/facebook.com\/sanangelflores\"]}]}<\/script>\n<!-- \/ Yoast SEO plugin. -->","yoast_head_json":{"title":"Ramo de flores Alegre Primavera - San Angel CALI | Flores &amp; Regalos","description":"Ramo de flores Alegre Primavera, ramos de flores en cali, gerberas, base metalica, alegre primavera floristeria Cali a domicilio","robots":{"index":"index","follow":"follow","max-snippet":"max-snippet:-1","max-image-preview":"max-image-preview:large","max-video-preview":"max-video-preview:-1"},"canonical":"https:\/\/sanangel.com.co\/cali\/producto\/alegre-primavera\/","og_locale":"es_ES","og_type":"article","og_title":"Ramo de flores Alegre Primavera - San Angel CALI | Flores &amp; Regalos","og_description":"Ramo de flores Alegre Primavera, ramos de flores en cali, gerberas, base metalica, alegre primavera floristeria Cali a domicilio","og_url":"https:\/\/sanangel.com.co\/cali\/producto\/alegre-primavera\/","og_site_name":"San Angel CALI | Flores &amp; Regalos","article_publisher":"http:\/\/facebook.com\/sanangelflores","article_modified_time":"2025-11-12T22:00:38+00:00","og_image":[{"width":800,"height":800,"url":"https:\/\/sanangel.com.co\/cali\/wp-content\/uploads\/2019\/02\/alegre-primavera.jpg","type":"image\/jpeg"}],"twitter_card":"summary_large_image","twitter_misc":{"Tiempo de lectura":"1 minuto"},"schema":{"@context":"https:\/\/schema.org","@graph":[{"@type":"WebPage","@id":"https:\/\/sanangel.com.co\/cali\/producto\/alegre-primavera\/","url":"https:\/\/sanangel.com.co\/cali\/producto\/alegre-primavera\/","name":"Ramo de flores Alegre Primavera - San Angel CALI | Flores &amp; Regalos","isPartOf":{"@id":"https:\/\/sanangel.com.co\/cali\/#website"},"datePublished":"2019-02-12T22:07:29+00:00","dateModified":"2025-11-12T22:00:38+00:00","description":"Ramo de flores Alegre Primavera, ramos de flores en cali, gerberas, base metalica, alegre primavera floristeria Cali a domicilio","breadcrumb":{"@id":"https:\/\/sanangel.com.co\/cali\/producto\/alegre-primavera\/#breadcrumb"},"inLanguage":"es","potentialAction":[{"@type":"ReadAction","target":["https:\/\/sanangel.com.co\/cali\/producto\/alegre-primavera\/"]}]},{"@type":"BreadcrumbList","@id":"https:\/\/sanangel.com.co\/cali\/producto\/alegre-primavera\/#breadcrumb","itemListElement":[{"@type":"ListItem","position":1,"name":"Portada","item":"https:\/\/sanangel.com.co\/cali\/"},{"@type":"ListItem","position":2,"name":"Tienda","item":"https:\/\/sanangel.com.co\/cali\/tienda\/"},{"@type":"ListItem","position":3,"name":"Alegre primavera"}]},{"@type":"WebSite","@id":"https:\/\/sanangel.com.co\/cali\/#website","url":"https:\/\/sanangel.com.co\/cali\/","name":"Floristerias en Cali, Flores a domicilio","description":"Floristerias Cali, Flores en Cali, Flores a domicilio Cali - San Angel","publisher":{"@id":"https:\/\/sanangel.com.co\/cali\/#organization"},"alternateName":"San Angel Cali","potentialAction":[{"@type":"SearchAction","target":{"@type":"EntryPoint","urlTemplate":"https:\/\/sanangel.com.co\/cali\/?s={search_term_string}"},"query-input":"required name=search_term_string"}],"inLanguage":"es"},{"@type":"Organization","@id":"https:\/\/sanangel.com.co\/cali\/#organization","name":"San Angel Cali","url":"https:\/\/sanangel.com.co\/cali\/","logo":{"@type":"ImageObject","inLanguage":"es","@id":"https:\/\/sanangel.com.co\/cali\/#\/schema\/logo\/image\/","url":"https:\/\/sanangel.com.co\/cali\/wp-content\/uploads\/2019\/06\/san-angel-mas-que-un-mensaje-muchos-sentimientos.jpg","contentUrl":"https:\/\/sanangel.com.co\/cali\/wp-content\/uploads\/2019\/06\/san-angel-mas-que-un-mensaje-muchos-sentimientos.jpg","width":400,"height":612,"caption":"San Angel Cali"},"image":{"@id":"https:\/\/sanangel.com.co\/cali\/#\/schema\/logo\/image\/"},"sameAs":["http:\/\/instagram.com\/sanangelflores","http:\/\/facebook.com\/sanangelflores"]}]}},"_links":{"self":[{"href":"https:\/\/sanangel.com.co\/cali\/wp-json\/wp\/v2\/product\/1015"}],"collection":[{"href":"https:\/\/sanangel.com.co\/cali\/wp-json\/wp\/v2\/product"}],"about":[{"href":"https:\/\/sanangel.com.co\/cali\/wp-json\/wp\/v2\/types\/product"}],"wp:featuredmedia":[{"embeddable":true,"href":"https:\/\/sanangel.com.co\/cali\/wp-json\/wp\/v2\/media\/12394"}],"wp:attachment":[{"href":"https:\/\/sanangel.com.co\/cali\/wp-json\/wp\/v2\/media?parent=1015"}],"wp:term":[{"taxonomy":"product_cat","embeddable":true,"href":"https:\/\/sanangel.com.co\/cali\/wp-json\/wp\/v2\/product_cat?post=1015"},{"taxonomy":"product_tag","embeddable":true,"href":"https:\/\/sanangel.com.co\/cali\/wp-json\/wp\/v2\/product_tag?post=1015"}],"curies":[{"name":"wp","href":"https:\/\/api.w.org\/{rel}","templated":true}]}}