{"id":908,"date":"2019-02-12T17:07:14","date_gmt":"2019-02-12T22:07:14","guid":{"rendered":"https:\/\/sanangel.com.co\/bogota-new\/producto\/mason-love\/"},"modified":"2019-07-30T17:37:34","modified_gmt":"2019-07-30T22:37:34","slug":"mason-love","status":"publish","type":"product","link":"https:\/\/sanangel.com.co\/cali\/producto\/mason-love\/","title":{"rendered":"Mason love"},"content":{"rendered":"<p>Este arreglo floral con 24 rosas es un regalo lindo para que combina el toque unico de las Rosas con un termo Mason Jar, este dise\u00f1o refleja el estilo de San Angel, realizado con atenci\u00f3n y cuidado por nuestras expertas floristas.<\/p>\n<p>Incluye:<br \/>\n&#8211; 24 rosas naturales tipo exportaci\u00f3n y follaje de complemento.<\/p>\n<p>&#8211; La base es un Termo Mason Jar de plastico con capacidad de 26 onzas, ideal para mantener bebidas frias en la oficina o el hogar con mucho estilo.<\/p>\n<p>IMPORTANTE: EL COLOR DEL TERMO PUEDE VARIAR DE ACUERDO A LA DISPONIBILIDAD<\/p>\n<p>&#8211; Tarjeta con mensaje de su gusto.<\/p>\n<p>&#8211; Medidas: 35 cm alto por 20 cm ancho aprox.<\/p>\n","protected":false},"excerpt":{"rendered":"<p>Este arreglo floral con 24 rosas es un regalo lindo para cualquier ocasi\u00f3n. Una hermosa combinacion de rosas con un termo Mason Jar, este dise\u00f1o refleja el estilo de San Angel, realizado con atenci\u00f3n y cuidado por nuestras expertas floristas.<\/p>\n","protected":false},"featured_media":1205,"template":"","meta":{"inline_featured_image":false},"product_cat":[48],"product_tag":[],"yoast_head":"<!-- This site is optimized with the Yoast SEO plugin v19.12 - https:\/\/yoast.com\/wordpress\/plugins\/seo\/ -->\n<title>Mason love - San Angel CALI | Flores &amp; Regalos<\/title>\n<meta name=\"robots\" content=\"index, follow, max-snippet:-1, max-image-preview:large, max-video-preview:-1\" \/>\n<link rel=\"canonical\" href=\"https:\/\/sanangel.com.co\/cali\/producto\/mason-love\/\" \/>\n<meta property=\"og:locale\" content=\"es_ES\" \/>\n<meta property=\"og:type\" content=\"article\" \/>\n<meta property=\"og:title\" content=\"Mason love - San Angel CALI | Flores &amp; Regalos\" \/>\n<meta property=\"og:description\" content=\"Este arreglo floral con 24 rosas es un regalo lindo para cualquier ocasi\u00f3n. Una hermosa combinacion de rosas con un termo Mason Jar, este dise\u00f1o refleja el estilo de San Angel, realizado con atenci\u00f3n y cuidado por nuestras expertas floristas.\" \/>\n<meta property=\"og:url\" content=\"https:\/\/sanangel.com.co\/cali\/producto\/mason-love\/\" \/>\n<meta property=\"og:site_name\" content=\"San Angel CALI | Flores &amp; Regalos\" \/>\n<meta property=\"article:publisher\" content=\"http:\/\/facebook.com\/sanangelflores\" \/>\n<meta property=\"article:modified_time\" content=\"2019-07-30T22:37:34+00:00\" \/>\n<meta property=\"og:image\" content=\"https:\/\/sanangel.com.co\/cali\/wp-content\/uploads\/2019\/02\/230_MASONLOVE.jpg\" \/>\n\t<meta property=\"og:image:width\" content=\"800\" \/>\n\t<meta property=\"og:image:height\" content=\"800\" \/>\n\t<meta property=\"og:image:type\" content=\"image\/jpeg\" \/>\n<meta name=\"twitter:card\" content=\"summary_large_image\" \/>\n<meta name=\"twitter:label1\" content=\"Tiempo de lectura\" \/>\n\t<meta name=\"twitter:data1\" content=\"1 minuto\" \/>\n<script type=\"application\/ld+json\" class=\"yoast-schema-graph\">{\"@context\":\"https:\/\/schema.org\",\"@graph\":[{\"@type\":\"WebPage\",\"@id\":\"https:\/\/sanangel.com.co\/cali\/producto\/mason-love\/\",\"url\":\"https:\/\/sanangel.com.co\/cali\/producto\/mason-love\/\",\"name\":\"Mason love - San Angel CALI | Flores &amp; Regalos\",\"isPartOf\":{\"@id\":\"https:\/\/sanangel.com.co\/cali\/#website\"},\"datePublished\":\"2019-02-12T22:07:14+00:00\",\"dateModified\":\"2019-07-30T22:37:34+00:00\",\"breadcrumb\":{\"@id\":\"https:\/\/sanangel.com.co\/cali\/producto\/mason-love\/#breadcrumb\"},\"inLanguage\":\"es\",\"potentialAction\":[{\"@type\":\"ReadAction\",\"target\":[\"https:\/\/sanangel.com.co\/cali\/producto\/mason-love\/\"]}]},{\"@type\":\"BreadcrumbList\",\"@id\":\"https:\/\/sanangel.com.co\/cali\/producto\/mason-love\/#breadcrumb\",\"itemListElement\":[{\"@type\":\"ListItem\",\"position\":1,\"name\":\"Portada\",\"item\":\"https:\/\/sanangel.com.co\/cali\/\"},{\"@type\":\"ListItem\",\"position\":2,\"name\":\"Tienda\",\"item\":\"https:\/\/sanangel.com.co\/cali\/tienda\/\"},{\"@type\":\"ListItem\",\"position\":3,\"name\":\"Mason love\"}]},{\"@type\":\"WebSite\",\"@id\":\"https:\/\/sanangel.com.co\/cali\/#website\",\"url\":\"https:\/\/sanangel.com.co\/cali\/\",\"name\":\"Floristerias en Cali, Flores a domicilio\",\"description\":\"Floristerias Cali, Flores en Cali, Flores a domicilio Cali - San Angel\",\"publisher\":{\"@id\":\"https:\/\/sanangel.com.co\/cali\/#organization\"},\"alternateName\":\"San Angel Cali\",\"potentialAction\":[{\"@type\":\"SearchAction\",\"target\":{\"@type\":\"EntryPoint\",\"urlTemplate\":\"https:\/\/sanangel.com.co\/cali\/?s={search_term_string}\"},\"query-input\":\"required name=search_term_string\"}],\"inLanguage\":\"es\"},{\"@type\":\"Organization\",\"@id\":\"https:\/\/sanangel.com.co\/cali\/#organization\",\"name\":\"San Angel Cali\",\"url\":\"https:\/\/sanangel.com.co\/cali\/\",\"logo\":{\"@type\":\"ImageObject\",\"inLanguage\":\"es\",\"@id\":\"https:\/\/sanangel.com.co\/cali\/#\/schema\/logo\/image\/\",\"url\":\"https:\/\/sanangel.com.co\/cali\/wp-content\/uploads\/2019\/06\/san-angel-mas-que-un-mensaje-muchos-sentimientos.jpg\",\"contentUrl\":\"https:\/\/sanangel.com.co\/cali\/wp-content\/uploads\/2019\/06\/san-angel-mas-que-un-mensaje-muchos-sentimientos.jpg\",\"width\":400,\"height\":612,\"caption\":\"San Angel Cali\"},\"image\":{\"@id\":\"https:\/\/sanangel.com.co\/cali\/#\/schema\/logo\/image\/\"},\"sameAs\":[\"http:\/\/instagram.com\/sanangelflores\",\"http:\/\/facebook.com\/sanangelflores\"]}]}<\/script>\n<!-- \/ Yoast SEO plugin. -->","yoast_head_json":{"title":"Mason love - San Angel CALI | Flores &amp; Regalos","robots":{"index":"index","follow":"follow","max-snippet":"max-snippet:-1","max-image-preview":"max-image-preview:large","max-video-preview":"max-video-preview:-1"},"canonical":"https:\/\/sanangel.com.co\/cali\/producto\/mason-love\/","og_locale":"es_ES","og_type":"article","og_title":"Mason love - San Angel CALI | Flores &amp; Regalos","og_description":"Este arreglo floral con 24 rosas es un regalo lindo para cualquier ocasi\u00f3n. Una hermosa combinacion de rosas con un termo Mason Jar, este dise\u00f1o refleja el estilo de San Angel, realizado con atenci\u00f3n y cuidado por nuestras expertas floristas.","og_url":"https:\/\/sanangel.com.co\/cali\/producto\/mason-love\/","og_site_name":"San Angel CALI | Flores &amp; Regalos","article_publisher":"http:\/\/facebook.com\/sanangelflores","article_modified_time":"2019-07-30T22:37:34+00:00","og_image":[{"width":800,"height":800,"url":"https:\/\/sanangel.com.co\/cali\/wp-content\/uploads\/2019\/02\/230_MASONLOVE.jpg","type":"image\/jpeg"}],"twitter_card":"summary_large_image","twitter_misc":{"Tiempo de lectura":"1 minuto"},"schema":{"@context":"https:\/\/schema.org","@graph":[{"@type":"WebPage","@id":"https:\/\/sanangel.com.co\/cali\/producto\/mason-love\/","url":"https:\/\/sanangel.com.co\/cali\/producto\/mason-love\/","name":"Mason love - San Angel CALI | Flores &amp; Regalos","isPartOf":{"@id":"https:\/\/sanangel.com.co\/cali\/#website"},"datePublished":"2019-02-12T22:07:14+00:00","dateModified":"2019-07-30T22:37:34+00:00","breadcrumb":{"@id":"https:\/\/sanangel.com.co\/cali\/producto\/mason-love\/#breadcrumb"},"inLanguage":"es","potentialAction":[{"@type":"ReadAction","target":["https:\/\/sanangel.com.co\/cali\/producto\/mason-love\/"]}]},{"@type":"BreadcrumbList","@id":"https:\/\/sanangel.com.co\/cali\/producto\/mason-love\/#breadcrumb","itemListElement":[{"@type":"ListItem","position":1,"name":"Portada","item":"https:\/\/sanangel.com.co\/cali\/"},{"@type":"ListItem","position":2,"name":"Tienda","item":"https:\/\/sanangel.com.co\/cali\/tienda\/"},{"@type":"ListItem","position":3,"name":"Mason love"}]},{"@type":"WebSite","@id":"https:\/\/sanangel.com.co\/cali\/#website","url":"https:\/\/sanangel.com.co\/cali\/","name":"Floristerias en Cali, Flores a domicilio","description":"Floristerias Cali, Flores en Cali, Flores a domicilio Cali - San Angel","publisher":{"@id":"https:\/\/sanangel.com.co\/cali\/#organization"},"alternateName":"San Angel Cali","potentialAction":[{"@type":"SearchAction","target":{"@type":"EntryPoint","urlTemplate":"https:\/\/sanangel.com.co\/cali\/?s={search_term_string}"},"query-input":"required name=search_term_string"}],"inLanguage":"es"},{"@type":"Organization","@id":"https:\/\/sanangel.com.co\/cali\/#organization","name":"San Angel Cali","url":"https:\/\/sanangel.com.co\/cali\/","logo":{"@type":"ImageObject","inLanguage":"es","@id":"https:\/\/sanangel.com.co\/cali\/#\/schema\/logo\/image\/","url":"https:\/\/sanangel.com.co\/cali\/wp-content\/uploads\/2019\/06\/san-angel-mas-que-un-mensaje-muchos-sentimientos.jpg","contentUrl":"https:\/\/sanangel.com.co\/cali\/wp-content\/uploads\/2019\/06\/san-angel-mas-que-un-mensaje-muchos-sentimientos.jpg","width":400,"height":612,"caption":"San Angel Cali"},"image":{"@id":"https:\/\/sanangel.com.co\/cali\/#\/schema\/logo\/image\/"},"sameAs":["http:\/\/instagram.com\/sanangelflores","http:\/\/facebook.com\/sanangelflores"]}]}},"_links":{"self":[{"href":"https:\/\/sanangel.com.co\/cali\/wp-json\/wp\/v2\/product\/908"}],"collection":[{"href":"https:\/\/sanangel.com.co\/cali\/wp-json\/wp\/v2\/product"}],"about":[{"href":"https:\/\/sanangel.com.co\/cali\/wp-json\/wp\/v2\/types\/product"}],"wp:featuredmedia":[{"embeddable":true,"href":"https:\/\/sanangel.com.co\/cali\/wp-json\/wp\/v2\/media\/1205"}],"wp:attachment":[{"href":"https:\/\/sanangel.com.co\/cali\/wp-json\/wp\/v2\/media?parent=908"}],"wp:term":[{"taxonomy":"product_cat","embeddable":true,"href":"https:\/\/sanangel.com.co\/cali\/wp-json\/wp\/v2\/product_cat?post=908"},{"taxonomy":"product_tag","embeddable":true,"href":"https:\/\/sanangel.com.co\/cali\/wp-json\/wp\/v2\/product_tag?post=908"}],"curies":[{"name":"wp","href":"https:\/\/api.w.org\/{rel}","templated":true}]}}